 + 6*p - 4. Let y(t) be the third derivative of t**6/120 - t**5/60 + 3*t**2. Let l(m) = -u(m) + 3*y(m). Determine l(5).
-1
Let r be 5*(28/(-10) - -2). Let y(x) = -x**3 - 5*x**2 - 5 + 3*x**2 - 3*x**2 - 3*x - x. Determine y(r).
-5
Let f(v) = 5*v. Let w = 13 + -3. Let p = -12 + w. Determine f(p).
-10
Suppose d = -1 - 0. Suppose -2*t + 2 + 6 = 0. Let k(p) = p + t - 4. What is k(d)?
-1
Let l(h) be the second derivative of -h**5/4 - h**2/2 + 8*h. Give l(1).
-6
Suppose -2*o + r = 2 + 3, -9 = 4*o - r. Let v(c) = -c**3 + 4*c**2 + 6*c + 4. Let i(b) = 3*b**3 - 7*b**2 - 12*b - 8. Let w(l) = o*i(l) - 5*v(l). What is w(-5)?
1
Let s(r) = -4*r**3 - 7*r**2 + 7*r - 5. Let k(t) = -9*t**3 - 14*t**2 + 14*t - 11. Let f(b) = -3*k(b) + 7*s(b). What is f(-8)?
6
Let j(t) be the first derivative of 7*t**2/2 - t + 2. Calculate j(-1).
-8
Let b be (-2)/(-8) - 9/4. Let t(h) = -h**2 + h + 1. Let x be t(b). Let w(a) be the second derivative of -a**5/20 - 5*a**4/12 - a**2/2 - 2*a. What is w(x)?
-1
Suppose 4 = c - 2*r, -3*c + r = 4*r - 3. Let o(v) = -v**2 + 2*v. What is o(c)?
0
Let k(h) be the third derivative of h**4/8 - h**3/3 + 2*h**2. What is k(2)?
4
Let z be 10/6*(2 - -1). Suppose 16 = -f + z*f. Let w(u) = u + u**2 + 1 + 0*u**3 + u**2 + f*u**2 + u**3. Determine w(-6).
-5
Let j = -7 - -8. Suppose 10 = -q + 2*p + j, -2*p = 5*q + 9. Let c(a) = -a**3 - 2*a**2 + 5*a + 3. Give c(q).
-3
Let n be -3 + 3/3 + 4. Let p(d) = 2*d**2 - d - 1. What is p(n)?
5
Let g(c) = 4*c**3 + 3*c**2 + 2*c + 2. Let f(p) = 5*p**3 + 4*p**2 + 2*p + 3. Let k(r) = -5*f(r) + 6*g(r). Determine k(-3).
0
Let d(k) be the third derivative of k**4/24 + 5*k**3/6 + 6*k**2. Calculate d(-5).
0
Let g be 8/36 + (-29)/9. Let y(h) = 2*h**2 + 4*h. Calculate y(g).
6
Let j(s) = -s**2 + 5*s + 2. Suppose 0 = -0*o - 4*o + 12. Determine j(o).
8
Let a(r) = r**2 - 7*r - 1. Suppose 3*j + 4*c - 8*c = 14, 0 = -j - c + 7. Let f be a(j). Let b = f - -9. Let t(n) = -3*n + 2. What is t(b)?
-4
Suppose 4*b - 5 - 7 = -5*w, -3*b = 3*w - 12. Suppose -13 - 2 = -5*k - 5*s, k + 2*s = b. Let p(j) = -j**3 + j**2 + j - 2. What is p(k)?
8
Suppose 3 = k + 1. Let a(l) = -2*l**3 + l + 0*l**2 + 3*l**3 + 0 - l**k + 11. Determine a(0).
11
Let c(n) = n. Let s be 4/(-14) - (-2)/7. Suppose 0 = 5*o + 10 - s. Let m be c(o). Let w(l) = -l**2 + l. Give w(m).
-6
Let f be (8 - 3) + 3 + -6. Let z(o) = 5 - 4*o**f - 4*o - 5*o**2 + 8*o**2. Give z(-5).
0
Suppose 0 = j - 2*j - 5*l - 29, 0 = -5*j + 5*l + 5. Let x(c) = -c**3 - 3*c**2 + 4*c - 4. What is x(j)?
-4
Let a(o) = 6*o**2 + 1. Let x be ((-4)/(-4))/(1 + 0). What is a(x)?
7
Let y(z) = -3*z + 6. Suppose 2*c = -c + 12. Suppose -21 = -5*a + c*r, 3*a + r - 11 = 5. Determine y(a).
-9
Let u(c) = 2*c. Suppose 42 = -4*a - 3*a. Calculate u(a).
-12
Let i(b) be the first derivative of 1/2*b**2 - 2*b + 3 + 1/3*b**3. Determine i(2).
4
Let t(x) = 11 - 2*x**2 - 4*x**2 + x + 5*x**2. Determine t(0).
11
Let h(u) = u**3 - 3*u**2 - u - 2. Let t(i) = -i**2 + 5*i - 1. Let y be t(4). Determine h(y).
-5
Let z be (-1)/((-5)/(-6))*-5. Let x = z - 1. Let q(j) = j - 2. Calculate q(x).
3
Let k(b) = -57*b**2 + 57*b**2 + 6*b**3 + 111*b - 112*b - 1. Let w(x) = x**3 - 2*x**2 + x - 1. Let l be w(1). What is k(l)?
-6
Let s(z) be the second derivative of z**4/12 - 13*z**3/6 - 10*z**2 + 45*z. What is s(14)?
-6
Let h be ((-6)/4*2)/(6/4). Let s(f) = 9*f + 4. Let x(g) = g + 1. Let u(i) = s(i) - 5*x(i). What is u(h)?
-9
Let u(m) be the second derivative of -m**3/6 - 2*m**2 - 8*m. Determine u(-7).
3
Let b(j) be the second derivative of j**8/6720 - j**7/630 - j**6/180 + j**5/24 + j**4/4 - 3*j. Let k(i) be the third derivative of b(i). Calculate k(5).
10
Let k(y) = -4*y**2 + 0 - 3*y + 14*y + 7. Let v(d) = -d**2 + d. Let u(p) = k(p) - 5*v(p). Determine u(-5).
2
Let j(s) be the first derivative of -s**4/4 - 8*s**3/3 + 11*s**2/2 + 13*s + 66. Determine j(-9).
-5
Let u(x) = x**3 - 3*x**2 - 2*x - 1. Let k be (0 + 5*-2)*-2. Let n be (-15)/k - 19/(-4). Determine u(n).
7
Let d(l) = -3*l**2 + 2*l**2 - 3*l + 4 + 3 - 3*l. Suppose -3*a + b - 8 = -4*b, 2*b = 3*a + 14. Give d(a).
7
Suppose -u + 7 = -3*f + 3*u, 0 = -4*f + 4*u - 4. Let x(a) = -a**2 - 3*a**2 - f*a + 6*a - a**2. Give x(2).
-14
Let h(q) = -2*q**3 - 6*q**2 + 6*q - 7. Let o(s) = -3*s**3 - 11*s**2 + 11*s - 13. Let i(d) = -5*h(d) + 3*o(d). Let z be ((-4)/3)/((-52)/117). Calculate i(z).
5
Let r(k) = k**3 + 3*k**2 + k - 1. Let c be r(-3). Let d(j) = -7*j - 4. What is d(c)?
24
Let x(i) = -2*i - 5. Let o(j) = -j - 1. Let p(a) = 3*o(a) - x(a). Suppose 3*s + 2*s = 20. Give p(s).
-2
Suppose -4 = 2*j - 0. Let x(y) be the second derivative of 2*y**3/3 + 3*y**2/2 + 3*y. What is x(j)?
-5
Let u(x) = 15*x - 2*x - 8*x - 4*x. Let m(w) = -w + 6. Let l be m(4). Determine u(l).
2
Let s(w) = -7*w + 6 + 4*w - 16 + 6. Give s(-3).
5
Let v(p) = p - 1. Let h(q) = q + 8. Let c be h(-8). Let r be (4*1)/2 + 1. Let w = c - r. Calculate v(w).
-4
Let a(u) = -u + 18. Let h be 1/4 + (-1054)/(-136). Give a(h).
10
Let m = 31 - 27. Suppose -2*r + 4 = -0. Let w(k) = 1 - 3*k**2 - 2 + k**3 + 0 - r*k. Determine w(m).
7
Let a(n) = 5*n**2 - 3*n. Let m(x) = 3*x**2 - 2*x. Let s(b) = -5*a(b) + 8*m(b). Let h(y) = y**3 - 5*y**2 + 2*y - 11. Let f be h(5). Give s(f).
0
Let p(k) be the first derivative of -k**2/2 + 5*k + 4. Let i be (4 + -5)*(0 - 5). What is p(i)?
0
Suppose 0*z + z = 4*n - 18, 5*z + 18 = 2*n. Suppose -3*k = -2*k + n*b - 1, 5*k + 3*b - 5 = 0. Let m(q) = -k + q + 2*q + 3. Determine m(-2).
-4
Let w(l) = -4*l**2 + 5*l + 4. Let s(b) = b**2 - 1. Let c(r) = -5*s(r) - w(r). Calculate c(-4).
5
Let f(v) be the third derivative of -v**5/60 - v**4/12 - v**3/6 + 5*v**2. Let j(p) be the first derivative of f(p). Let q = 4 - 6. What is j(q)?
2
Let l(x) = -3*x - 1. Let y be l(-3). Let t = -6 + y. Let m(i) be the third derivative of i**5/60 - i**4/24 + i**3/3 - 2*i**2. Calculate m(t).
4
Suppose 44 = 4*b + 24. Let o(l) = -l + 1. What is o(b)?
-4
Let t(f) = 2*f**2 - 5*f + 2. Let w be t(2). Let c(y) = -y**3 - y + 19. Give c(w).
19
Let n(r) = r**2 + 8*r + 3. Suppose z + 16 = 9. Calculate n(z).
-4
Let r(s) be the third derivative of -s**6/120 + s**5/15 + s**4/8 - 5*s**3/6 - 2*s**2. Let d be (-1*1)/((-18)/72). Calculate r(d).
7
Let n(k) be the second derivative of k**3/3 + k. Suppose -18 = -5*w + 2*x, 15 = 5*w + x - 6*x. Calculate n(w).
8
Let a(j) = -j**3 - 4*j**2 + 4. Let u be (-2)/2*(2 + 2). What is a(u)?
4
Let v(t) = t**2 - 4*t + 1. Suppose -4*m + 3*o - 4 = 0, -3*m - 7 - 3 = -4*o. Suppose 0 = m*c - 8. What is v(c)?
1
Let p(n) = -18*n**3. Suppose 2 + 4 = -3*f, -2*i = -2*f - 6. Give p(i).
-18
Let d be (25 + 0)*(-4)/(-10). Let y be (8/10)/(4/d). Suppose -2*m = 4*g - 18, -y*g + m + 0 = 1. Let h(z) = -2*z**3 + 2*z**2 + 3*z - 3. Calculate h(g).
-5
Suppose t - 5*t + 24 = 0. Let w = -10 + 10. Let b(c) = -21 + c + w*c + 13. Calculate b(t).
-2
Let l(z) be the second derivative of -z**4/12 - 2*z**3/3 - 2*z**2 - 3*z. Determine l(-3).
-1
Let p(s) = 2*s - 5. Suppose -3*z + 4*n = n - 21, -5*n = -2*z + 17. What is p(z)?
7
Let v(r) = -2*r - 3. Let t be v(-3). Let g(l) = 5 + t - l - 7. What is g(0)?
1
Let o(z) = -2*z**2 + 2*z + 7. Let g(a) = -a**2 - a + 1. Let t(q) = 3*g(q) - o(q). Let r be (-1 - (-10)/6) + (-121)/33. Calculate t(r).
2
Let n(s) = -s + 1. Suppose 3 = -c + 6. Suppose -4*j + 4*l = -l + 11, c*j - 4*l = -8. Determine n(j).
5
Let m(s) = -8*s + 7. Let u(l) = -7*l + 6. Let h(j) = -6*m(j) + 7*u(j). Give h(3).
-3
Let m(f) be the second derivative of -f**4/12 - f**3/6 - f**2/2 - 24*f. Calculate m(0).
-1
Let a(m) = -10*m + 6 + 18*m - 2 - 9*m. Suppose 0 = 4*f - 3 - 5. Suppose 0 = -2*x + 10 - f. Calculate a(x).
0
Let w(f) = f**3 + 10*f**2 + 6*f - 1. Let h(b) = 9*b**2 + b**3 - b**2 + b**2 - 1 + 6*b. Let c(m) = -4*h(m) + 3*w(m). Give c(-5).
6
Let w(t) = -t**2 + 14*t + 3. Let r be w(14). Let a(d) = -d**2 + 3*d - 2. Determine a(r).
-2
Let n(z) be the first derivative of 0*z**2 - 4 - 1/3*z**3 + 4*z. Determine n(3).
-5
Let g(b) be the first derivative of -b**5/60 + b**4/8 + 2*b**3/3 + 3. Let p(n) be the third derivative of g(n). Give p(4).
-5
Let t(z) = -z + 1. Suppose 5*l + 0 - 5 = 0. Let d be 12/(-10) - l/(-5). Let n be 1/(d/4)*1. Calculate t(n).
5
Let d(g) = 2*g**2 + 2*g - 3. Let u = 0 + 3. Suppose u*j - 3 = 4*h - 19, h = 5*j + 55. Let k be ((-1)/3)/(2/j). Determine d(k).
9
Let g(